
What is the tens digit of 2751?
5
What is the thousands digit of 1877?
1
What is the thousands digit of 2036?
2
What is the units digit of 764?
4
What is the units digit of 303?
3
What is the tens digit of 503?
0
What is the tens digit of 22234?
3
What is the thousands digit of 3231?
3
What is the tens digit of 795?
9
What is the tens digit of 709?
0
What is the thousands digit of 12902?
2
What is the hundreds digit of 9560?
5
What is the tens digit of 69314?
1
What is the ten thousands digit of 40627?
4
What is the tens digit of 14963?
6
What is the tens digit of 899?
9
What is the units digit of 8251?
1
What is the units digit of 30758?
8
What is the units digit of 1097?
7
What is the hundreds digit of 16153?
1
What is the tens digit of 86416?
1
What is the hundreds digit of 131207?
2
What is the units digit of 5503?
3
What is the units digit of 61320?
0
What is the hundreds digit of 6958?
9
What is the tens digit of 137?
3
What is the tens digit of 5947?
4
What is the units digit of 4241?
1
What is the tens digit of 36505?
0
What is the tens digit of 4544?
4
What is the thousands digit of 1837?
1
What is the hundreds digit of 69655?
6
What is the units digit of 96989?
9
What is the hundreds digit of 1423?
4
What is the hundreds digit of 48248?
2
What is the tens digit of 1898?
9
What is the tens digit of 3882?
8
What is the hundreds digit of 3733?
7
What is the ten thousands digit of 81841?
8
What is the hundreds digit of 1688?
6
What is the tens digit of 658?
5
What is the tens digit of 6230?
3
What is the hundreds digit of 1576?
5
What is the tens digit of 614?
1
What is the hundreds digit of 149?
1
What is the hundreds digit of 358?
3
What is the thousands digit of 3124?
3
What is the hundreds digit of 67828?
8
What is the hundreds digit of 5289?
2
What is the units digit of 770?
0
What is the tens digit of 3050?
5
What is the hundreds digit of 1139?
1
What is the tens digit of 173784?
8
What is the hundreds digit of 3450?
4
What is the tens digit of 343?
4
What is the units digit of 29818?
8
What is the hundreds digit of 2965?
9
What is the units digit of 96139?
9
What is the tens digit of 212?
1
What is the tens digit of 5028?
2
What is the thousands digit of 45826?
5
What is the units digit of 1081?
1
What is the hundreds digit of 5204?
2
What is the units digit of 197?
7
What is the units digit of 5264?
4
What is the thousands digit of 4502?
4
What is the tens digit of 8388?
8
What is the units digit of 3697?
7
What is the units digit of 655?
5
What is the hundreds digit of 1161?
1
What is the hundreds digit of 11518?
5
What is the hundreds digit of 1025?
0
What is the tens digit of 20181?
8
What is the units digit of 139?
9
What is the units digit of 659?
9
What is the hundreds digit of 81751?
7
What is the hundreds digit of 576?
5
What is the hundreds digit of 11011?
0
What is the thousands digit of 16985?
6
What is the ten thousands digit of 32213?
3
What is the thousands digit of 1518?
1
What is the hundreds digit of 1091?
0
What is the hundreds digit of 10840?
8
What is the tens digit of 124266?
6
What is the hundreds digit of 75414?
4
What is the tens digit of 48?
4
What is the ten thousands digit of 11833?
1
What is the thousands digit of 17254?
7
What is the units digit of 4551?
1
What is the tens digit of 453?
5
What is the units digit of 12163?
3
What is the hundreds digit of 961?
9
What is the units digit of 5865?
5
What is the ten thousands digit of 32080?
3
What is the thousands digit of 24378?
4
What is the hundreds digit of 16094?
0
What is the ten thousands digit of 63309?
6
What is the hundreds digit of 25277?
2
What is the hundreds digit of 43835?
8
What is the thousands digit of 34134?
4
What is the hundred thousands digit of 102592?
1
What is the tens digit of 278?
7
What is the tens digit of 2588?
8
What is the hundreds digit of 2625?
6
What is the hundreds digit of 5803?
8
What is the units digit of 6377?
7
What is the hundreds digit of 543?
5
What is the hundreds digit of 132756?
7
What is the thousands digit of 13279?
3
What is the tens digit of 13954?
5
What is the units digit of 989?
9
What is the tens digit of 34439?
3
What is the thousands digit of 12046?
2
What is the thousands digit of 3506?
3
What is the hundreds digit of 148892?
8
What is the ten thousands digit of 20099?
2
What is the units digit of 473?
3
What is the thousands digit of 4239?
4
What is the thousands digit of 96412?
6
What is the hundreds digit of 183410?
4
What is the units digit of 472?
2
What is the hundreds digit of 2989?
9
What is the units digit of 575?
5
What is the hundreds digit of 1666?
6
What is the thousands digit of 4287?
4
What is the ten thousands digit of 135095?
3
What is the tens digit of 4058?
5
What is the units digit of 166?
6
What is the thousands digit of 62232?
2
What is the thousands digit of 8744?
8
What is the tens digit of 22549?
4
What is the hundreds digit of 22806?
8
What is the tens digit of 5328?
2
What is the units digit of 502?
2
What is the tens digit of 19513?
1
What is the tens digit of 2108?
0
What is the ten thousands digit of 31978?
3
What is the units digit of 124792?
2
What is the ten thousands digit of 147004?
4
What is the tens digit of 6697?
9
What is the hundreds digit of 6480?
4
What is the hundreds digit of 842?
8
What is the tens digit of 597?
9
What is the thousands digit of 1064?
1
What is the tens digit of 1459?
5
What is the hundreds digit of 2029?
0
What is the ten thousands digit of 11651?
1
What is the tens digit of 102?
0
What is the thousands digit of 1119?
1
What is the thousands digit of 35494?
5
What is the units digit of 985?
5
What is the hundreds digit of 786?
7
What is the tens digit of 39?
3
What is the units digit of 547?
7
What is the ten thousands digit of 41989?
4
What is the ten thousands digit of 63796?
6
What is the tens digit of 579?
7
What is the hundreds digit of 304?
3
What is the thousands digit of 3464?
3
What is the units digit of 1408?
8
What is the hundreds digit of 10364?
3
What is the units digit of 8660?
0
What is the hundreds digit of 2424?
4
What is the thousands digit of 4237?
4
What is the tens digit of 4223?
2
What is the units digit of 26759?
9
What is the hundreds digit of 467?
4
What is the units digit of 38545?
5
What is the hundred thousands digit of 120208?
1
What is the units digit of 1928?
8
What is the tens digit of 3025?
2
What is the units digit of 7236?
6
What is the hundreds digit of 8297?
2
What is the thousands digit of 41648?
1
What is the hundreds digit of 279?
2
What is the hundreds digit of 7946?
9
What is the hundreds digit of 1089?
0
What is the tens digit of 103153?
5
What is the tens digit of 4159?
5
What is the units digit of 26060?
0
What is the tens digit of 550?
5
What is the ten thousands digit of 86992?
8
What is the units digit of 61692?
2
What is the hundreds digit of 7746?
7
What is the hundreds digit of 1425?
4
What is the tens digit of 463?
6
What is the thousands digit of 7113?
7
What is the units digit of 323?
3
What is the tens digit of 1310?
1
What is the thousands digit of 6004?
6
What is the tens digit of 252?
5
What is the tens digit of 13826?
2
What is the thousands digit of 2149?
2
What is the ten thousands digit of 12199?
1
What is the units digit of 10317?
7
What is the tens digit of 14807?
0
What is the units digit of 41367?
7
What is the units digit of 859?
9
What is the units digit of 6263?
3
What is the hundreds digit of 3149?
1
What is the tens digit of 20969?
6
What is the thousands digit of 27989?
7
What is the tens digit of 3247?
4
What is the units digit of 8992?
2
What is the units digit of 3309?
9
What is the units digit of 21936?
6
What is the hundreds digit of 40147?
1
What is the thousands digit of 1618?
1
What is the thousands digit of 2326?
2
What is the hundreds digit of 23918?
9
What is the thousands digit of 4444?
4
What is the tens digit of 4617?
1
What is the units digit of 18?
8
What is the tens digit of 24111?
1
What is the tens digit of 5825?
2
What is the hundreds digit of 26155?
1
What is the tens digit of 141?
4
What is the tens digit of 966?
6
What is the hundreds digit of 4665?
6
What is the tens digit of 973?
7
What is the thousands digit of 78374?
8
What is the unit